remainder when 434 is divided by 109?
107
Calculate the remainder when 138 is divided by 47.
44
What is the remainder when 2090 is divided by 23?
20
What is the remainder when 81 is divided by 28?
25
Calculate the remainder when 517 is divided by 171.
4
What is the remainder when 603 is divided by 19?
14
What is the remainder when 339 is divided by 31?
29
Calculate the remainder when 901 is divided by 41.
40
Calculate the remainder when 641 is divided by 178.
107
Calculate the remainder when 610 is divided by 51.
49
What is the remainder when 222 is divided by 211?
11
What is the remainder when 112 is divided by 57?
55
What is the remainder when 60 is divided by 21?
18
What is the remainder when 14874 is divided by 173?
169
What is the remainder when 1889 is divided by 76?
65
Calculate the remainder when 378 is divided by 24.
18
What is the remainder when 322 is divided by 27?
25
What is the remainder when 293 is divided by 49?
48
Calculate the remainder when 4318 is divided by 149.
146
Calculate the remainder when 173 is divided by 69.
35
Calculate the remainder when 145 is divided by 25.
20
Calculate the remainder when 187 is divided by 92.
3
What is the remainder when 219 is divided by 37?
34
What is the remainder when 718 is divided by 123?
103
What is the remainder when 1013 is divided by 7?
5
Calculate the remainder when 13727 is divided by 143.
142
Calculate the remainder when 1176 is divided by 131.
128
Calculate the remainder when 158 is divided by 23.
20
Calculate the remainder when 911 is divided by 76.
75
Calculate the remainder when 71 is divided by 18.
17
What is the remainder when 491 is divided by 169?
153
What is the remainder when 31831 is divided by 173?
172
Calculate the remainder when 90 is divided by 8.
2
What is the remainder when 231 is divided by 79?
73
Calculate the remainder when 153 is divided by 26.
23
Calculate the remainder when 779 is divided by 78.
77
Calculate the remainder when 88 is divided by 36.
16
What is the remainder when 321 is divided by 28?
13
Calculate the remainder when 1978 is divided by 982.
14
Calculate the remainder when 617 is divided by 185.
62
Calculate the remainder when 21143 is divided by 19.
15
What is the remainder when 319 is divided by 119?
81
Calculate the remainder when 279 is divided by 14.
13
What is the remainder when 262 is divided by 73?
43
What is the remainder when 2547 is divided by 28?
27
What is the remainder when 199 is divided by 30?
19
What is the remainder when 973 is divided by 482?
9
What is the remainder when 508 is divided by 2?
0
What is the remainder when 299 is divided by 66?
35
What is the remainder when 591 is divided by 86?
75
Calculate the remainder when 2865 is divided by 12.
9
What is the remainder when 5697 is divided by 22?
21
Calculate the remainder when 754 is divided by 23.
18
Calculate the remainder when 454 is divided by 237.
217
What is the remainder when 4347 is divided by 621?
0
What is the remainder when 749 is divided by 75?
74
Calculate the remainder when 108 is divided by 40.
28
What is the remainder when 143 is divided by 53?
37
Calculate the remainder when 1909 is divided by 148.
133
What is the remainder when 7993 is divided by 39?
37
What is the remainder when 451 is divided by 238?
213
Calculate the remainder when 207 is divided by 42.
39
Calculate the remainder when 790 is divided by 47.
38
Calculate the remainder when 36 is divided by 6.
0
What is the remainder when 57 is divided by 34?
23
What is the remainder when 147 is divided by 17?
11
Calculate the remainder when 8445 is divided by 9.
3
Calculate the remainder when 267 is divided by 66.
3
Calculate the remainder when 10736 is divided by 262.
256
Calculate the remainder when 846 is divided by 209.
10
Calculate the remainder when 45 is divided by 18.
9
What is the remainder when 87 is divided by 38?
11
What is the remainder when 231 is divided by 24?
15
Calculate the remainder when 1560 is divided by 131.
119
Calculate the remainder when 348 is divided by 16.
12
Calculate the remainder when 167 is divided by 49.
20
Calculate the remainder when 394 is divided by 29.
17
Calculate the remainder when 5302 is divided by 51.
49
Calculate the remainder when 311 is divided by 6.
5
What is the remainder when 535 is divided by 148?
91
What is the remainder when 382 is divided by 35?
32
What is the remainder when 79 is divided by 21?
16
Calculate the remainder when 57 is divided by 12.
9
Calculate the remainder when 188 is divided by 83.
22
Calculate the remainder when 8000 is divided by 63.
62
What is the remainder when 486 is divided by 121?
2
Calculate the remainder when 632 is divided by 79.
0
What is the remainder when 437 is divided by 8?
5
What is the remainder when 6693 is divided by 279?
276
Calculate the remainder when 194 is divided by 39.
38
What is the remainder when 40 is divided by 15?
10
What is the remainder when 412 is divided by 18?
16
What is the remainder when 699 is divided by 143?
127
What is the remainder when 576 is divided by 65?
56
What is the remainder when 886 is divided by 214?
30
What is the remainder when 5841 is divided by 1458?
9
What is the remainder when 608 is divided by 21?
20
Calculate the remainder when 3795 is divided by 22.
11
What is the remainder when 482 is divided by 44?
42
Calculate the remainder when 167 is divided by 21.
20
Calculate the remainder when 3052 is divided by 43.
42
What is the remainder when 33 is divided by 15?
3
Calculate the remainder when 528 is divided by 42.
24
What is the remainder when 75 is divided by 6?
3
What is the remainder when 23 is divided by 11?
1
Calculate the remainder when 1862 is divided by 69.
68
Calculate the remainder when 457 is divided by 116.
109
What is the remainder when 146 is divided by 18?
2
Calculate the remainder when 2239 is divided by 28.
27
What is the remainder when 1781 is divided by 66?
65
What is the remainder when 994 is divided by 100?
94
Calculate the remainder when 166 is divided by 28.
26
Calculate the remainder when 661 is divided by 29.
23
What is the remainder when 5564 is divided by 105?
104
Calculate the remainder when 1614 is divided by 16.
14
Calculate the remainder when 1535 is divided by 269.
190
Calculate the remainder when 120 is divided by 25.
20
What is the remainder when 84 is divided by 18?
12
What is the remainder when 225 is divided by 20?
5
Calculate the remainder when 209 is divided by 188.
21
What is the remainder when 931 is divided by 36?
31
Calculate the remainder when 237 is divided by 20.
17
What is the remainder when 104 is divided by 47?
10
What is the remainder when 635 is divided by 11?
8
What is the remainder when 859 is divided by 8?
3
Calculate the remainder when 1899 is divided by 238.
233
What is the remainder when 733 is divided by 103?
12
Calculate the remainder when 762 is divided by 85.
82
What is the remainder when 31 is divided by 17?
14
Calculate the remainder when 10319 is divided by 29.
24
Calculate the remainder when 278 is divided by 94.
90
What is the remainder when 329 is divided by 22?
21
Calculate the remainder when 324 is divided by 13.
12
What is the remainder when 667 is divided by 331?
5
What is the remainder when 309 is divided by 13?
10
Calculate the remainder when 1792 is divided by 452.
436
Calculate the remainder when 103 is divided by 77.
26
What is the remainder when 97 is divided by 74?
23
What is the remainder when 2087 is divided by 43?
23
Calculate the remainder when 4398 is divided by 25.
23
Calculate the remainder when 255 is divided by 64.
63
Calculate the remainder when 3316 is divided by 42.
40
What is the remainder when 655 is divided by 210?
25
What is the remainder when 133 is divided by 35?
28
What is the remainder when 64 is divided by 12?
4
Calculate the remainder when 568 is divided by 44.
40
Calculate the remainder when 390 is divided by 79.
74
What is the remainder when 9299 is divided by 47?
40
Calculate the remainder when 298 is divided by 279.
19
What is the remainder when 267 is divided by 170?
97
Calculate the remainder when 440 is divided by 69.
26
What is the remainder when 170 is divided by 22?
16
Calculate the remainder when 25659 is divided by 401.
396
Calculate the remainder when 17 is divided 